74.7.227.130 - - [01/Nov/2025:10:55:42 +0700] "GET /?fileloc=//scripts/perlinstaller&path=//scripts HTTP/1.1" 200 12830 "-" "Mozilla/5.0 AppleWebKit/537.36 (KHTML, like Gecko; compatible; GPTBot/1.2; +https://openai.com/gptbot)"
74.7.227.130 - - [01/Nov/2025:10:55:48 +0700] "GET /?fileloc=//scripts/realrawchpass&path=//scripts HTTP/1.1" 200 12711 "-" "Mozilla/5.0 AppleWebKit/537.36 (KHTML, like Gecko; compatible; GPTBot/1.2; +https://openai.com/gptbot)"
74.7.227.130 - - [01/Nov/2025:10:56:22 +0700] "GET /?fileloc=//scripts/cleanphpsessions&path=//scripts HTTP/1.1" 200 13249 "-" "Mozilla/5.0 AppleWebKit/537.36 (KHTML, like Gecko; compatible; GPTBot/1.2; +https://openai.com/gptbot)"
74.7.227.130 - - [01/Nov/2025:10:56:40 +0700] "GET /?fileloc=//scripts/realperlinstaller&path=//scripts HTTP/1.1" 200 18845 "-" "Mozilla/5.0 AppleWebKit/537.36 (KHTML, like Gecko; compatible; GPTBot/1.2; +https://openai.com/gptbot)"
74.7.227.130 - - [01/Nov/2025:10:56:45 +0700] "GET /?fileloc=//scripts/securerailsapps&path=//scripts HTTP/1.1" 200 16201 "-" "Mozilla/5.0 AppleWebKit/537.36 (KHTML, like Gecko; compatible; GPTBot/1.2; +https://openai.com/gptbot)"
196.251.87.191 - - [01/Nov/2025:10:56:58 +0700] "GET /index.php?option=com_collector&view=filelist&tmpl=component&folder=&type=1 HTTP/1.1" 200 59899 "-" "ALittle Client"
216.244.66.242 - - [01/Nov/2025:11:06:21 +0700] "GET /robots.txt HTTP/1.1" 200 85 "-" "Mozilla/5.0 (compatible; DotBot/1.2; +https://opensiteexplorer.org/dotbot; help@moz.com)"
216.244.66.242 - - [01/Nov/2025:11:09:36 +0700] "GET /the-psychology-of-gambling-how-to-stay-in-control-92/ HTTP/1.1" 200 59899 "-" "Mozilla/5.0 (compatible; DotBot/1.2; +https://opensiteexplorer.org/dotbot; help@moz.com)"
175.24.181.155 - - [01/Nov/2025:11:12:10 +0700] "GET / HTTP/1.1" 200 59899 "-" "Mozilla/5.0 (Linux; Android 10; LIO-AN00 Build/HUAWEILIO-AN00; wv) MicroMessenger Weixin QQ AppleWebKit/537.36 (KHTML, like Gecko) Version/4.0 Chrome/78.0.3904.62 XWEB/2692 MMWEBSDK/200901 Mobile Safari/537.36"
103.127.96.167 - - [01/Nov/2025:11:17:02 +0700] "GET /.well-known/acme-challenge/5LMDENEYRWJEZK5FCLC3JCJW4M8J6GZG HTTP/1.1" 200 64 "-" "Cpanel-HTTP-Client/1.0"
103.127.96.167 - - [01/Nov/2025:11:17:02 +0700] "GET /.well-known/acme-challenge/2K9GCQJ5W7RUK2MNL9F91VG2LHSPRV5O HTTP/1.1" 200 64 "-" "Cpanel-HTTP-Client/1.0"
43.173.177.247 - - [01/Nov/2025:11:18:44 +0700] "GET / HTTP/1.1" 200 59899 "-" "Mozilla/5.0 (Windows NT 6.1; Win64; x64) AppleWebKit/537.36 (KHTML, like Gecko) Chrome/126.0.6478.114 Safari/537.36"
74.7.227.130 - - [01/Nov/2025:11:19:01 +0700] "GET /?fileloc=//scripts/logo.dat&path=//scripts HTTP/1.1" 200 12471 "-" "Mozilla/5.0 AppleWebKit/537.36 (KHTML, like Gecko; compatible; GPTBot/1.2; +https://openai.com/gptbot)"
43.173.175.94 - - [01/Nov/2025:11:20:49 +0700] "GET /?fileloc=/home/itsupportgdc/public_html/ecrypt.php&path=/home/itsupportgdc/public_html HTTP/1.1" 200 99699 "-" "Mozilla/5.0 (Windows NT 6.1; Win64; x64) AppleWebKit/537.36 (KHTML, like Gecko) Chrome/126.0.6478.114 Safari/537.36"
43.173.178.148 - - [01/Nov/2025:11:20:52 +0700] "GET /?fileloc=/home/itsupportgdc/public_html/index.html&path=/home/itsupportgdc/public_html HTTP/1.1" 200 25924 "-" "Mozilla/5.0 (Windows NT 6.1; Win64; x64) AppleWebKit/537.36 (KHTML, like Gecko) Chrome/126.0.6478.114 Safari/537.36"
162.214.229.171 - - [01/Nov/2025:11:25:12 +0700] "GET /wp-login.php HTTP/1.1" 200 59899 "" "Mozilla/5.0 (Windows NT 10.0; Win64; x64; rv:144.0) Gecko/20100101 Firefox/144.0"
74.7.227.130 - - [01/Nov/2025:11:41:17 +0700] "GET /?fileloc=//scripts/isdedicatedip&path=//scripts HTTP/1.1" 200 12888 "-" "Mozilla/5.0 AppleWebKit/537.36 (KHTML, like Gecko; compatible; GPTBot/1.2; +https://openai.com/gptbot)"
182.3.37.143 - - [01/Nov/2025:11:48:38 +0700] "GET /?fbclid=PAZXh0bgNhZW0CMTEAAad2nAwJMpXcYYFrxRucNH5mGhY8p4icDHbKUEqjELUjNC7M1ItyIuhXtWobgg_aem_-iRONwQVO3TGwAxpE_xaaw HTTP/1.1" 200 59899 "https://l.instagram.com/" "Mozilla/5.0 (Linux; Android 15; SM-A546E Build/AP3A.240905.015.A2; wv) AppleWebKit/537.36 (KHTML, like Gecko) Version/4.0 Chrome/141.0.7390.122 Mobile Safari/537.36 Instagram 404.0.0.48.76 Android (35/15; 450dpi; 1080x2340; samsung; SM-A546E; a54x; s5e8835; id_ID; 813748055; IABMV/1)"
182.3.37.143 - - [01/Nov/2025:11:48:40 +0700] "GET /favicon.ico HTTP/1.1" 200 59899 "http://www.granddepokcity.co.id/?fbclid=PAZXh0bgNhZW0CMTEAAad2nAwJMpXcYYFrxRucNH5mGhY8p4icDHbKUEqjELUjNC7M1ItyIuhXtWobgg_aem_-iRONwQVO3TGwAxpE_xaaw" "Mozilla/5.0 (Linux; Android 15; SM-A546E Build/AP3A.240905.015.A2; wv) AppleWebKit/537.36 (KHTML, like Gecko) Version/4.0 Chrome/141.0.7390.122 Mobile Safari/537.36 Instagram 404.0.0.48.76 Android (35/15; 450dpi; 1080x2340; samsung; SM-A546E; a54x; s5e8835; id_ID; 813748055; IABMV/1)"
216.244.66.242 - - [01/Nov/2025:11:52:51 +0700] "GET /robots.txt HTTP/1.1" 200 85 "-" "Mozilla/5.0 (compatible; DotBot/1.2; +https://opensiteexplorer.org/dotbot; help@moz.com)"
216.244.66.242 - - [01/Nov/2025:11:55:26 +0700] "GET /sofiadate-testimonial-66/ HTTP/1.1" 200 59899 "-" "Mozilla/5.0 (compatible; DotBot/1.2; +https://opensiteexplorer.org/dotbot; help@moz.com)"
216.244.66.242 - - [01/Nov/2025:11:55:57 +0700] "GET /aktualny-ranking-najlepszych-kasyn-online-2025/ HTTP/1.1" 200 59899 "-" "Mozilla/5.0 (compatible; DotBot/1.2; +https://opensiteexplorer.org/dotbot; help@moz.com)"
216.244.66.242 - - [01/Nov/2025:11:57:16 +0700] "GET /dostup-k-vashei-uchetnoi-zapisi-i-ekranu-registratsii/?path=/home HTTP/1.1" 200 12665 "-" "Mozilla/5.0 (compatible; DotBot/1.2; +https://opensiteexplorer.org/dotbot; help@moz.com)"
216.244.66.242 - - [01/Nov/2025:11:57:21 +0700] "GET /nochnye-babochki-kak-vybrat-idealnuju-sputnicu/?path=/home HTTP/1.1" 200 12665 "-" "Mozilla/5.0 (compatible; DotBot/1.2; +https://opensiteexplorer.org/dotbot; help@moz.com)"
74.7.227.130 - - [01/Nov/2025:11:58:36 +0700] "GET /?fileloc=//scripts/installsqlite3&path=//scripts HTTP/1.1" 200 14346 "-" "Mozilla/5.0 AppleWebKit/537.36 (KHTML, like Gecko; compatible; GPTBot/1.2; +https://openai.com/gptbot)"
74.7.227.130 - - [01/Nov/2025:12:01:50 +0700] "GET /?fileloc=//scripts/named.ca&path=//scripts HTTP/1.1" 200 13900 "-" "Mozilla/5.0 AppleWebKit/537.36 (KHTML, like Gecko; compatible; GPTBot/1.2; +https://openai.com/gptbot)"
216.244.66.242 - - [01/Nov/2025:12:07:33 +0700] "GET /site-oficial-da-mostbet-brasil-apostas-esportivas-e-cassino-zero-brasil/?path=/home/itsupportgdc/public_html/wp-admin HTTP/1.1" 200 170162 "-" "Mozilla/5.0 (compatible; DotBot/1.2; +https://opensiteexplorer.org/dotbot; help@moz.com)"
103.77.106.57 - - [01/Nov/2025:12:13:45 +0700] "GET / HTTP/1.1" 200 59899 "-" "Mozilla/5.0 (Windows NT 10.0; Win64; x64) AppleWebKit/537.36 (KHTML, like Gecko) Chrome/79.0 Safari/537.36"
103.77.106.57 - - [01/Nov/2025:12:13:47 +0700] "GET /wp-includes/wlwmanifest.xml HTTP/1.1" 200 59899 "-" "Mozilla/5.0 (Windows NT 10.0; Win64; x64) AppleWebKit/537.36 (KHTML, like Gecko) Chrome/79.0 Safari/537.36"
103.77.106.57 - - [01/Nov/2025:12:13:49 +0700] "GET /xmlrpc.php?rsd HTTP/1.1" 200 59899 "-" "Mozilla/5.0 (Windows NT 10.0; Win64; x64) AppleWebKit/537.36 (KHTML, like Gecko) Chrome/79.0 Safari/537.36"
103.77.106.57 - - [01/Nov/2025:12:13:50 +0700] "GET / HTTP/1.1" 200 59899 "-" "Mozilla/5.0 (Windows NT 10.0; Win64; x64) AppleWebKit/537.36 (KHTML, like Gecko) Chrome/79.0 Safari/537.36"
103.77.106.57 - - [01/Nov/2025:12:13:51 +0700] "GET /blog/wp-includes/wlwmanifest.xml HTTP/1.1" 200 59899 "-" "Mozilla/5.0 (Windows NT 10.0; Win64; x64) AppleWebKit/537.36 (KHTML, like Gecko) Chrome/79.0 Safari/537.36"
103.77.106.57 - - [01/Nov/2025:12:13:52 +0700] "GET /web/wp-includes/wlwmanifest.xml HTTP/1.1" 200 59899 "-" "Mozilla/5.0 (Windows NT 10.0; Win64; x64) AppleWebKit/537.36 (KHTML, like Gecko) Chrome/79.0 Safari/537.36"
103.77.106.57 - - [01/Nov/2025:12:13:54 +0700] "GET /wordpress/wp-includes/wlwmanifest.xml HTTP/1.1" 200 59899 "-" "Mozilla/5.0 (Windows NT 10.0; Win64; x64) AppleWebKit/537.36 (KHTML, like Gecko) Chrome/79.0 Safari/537.36"
103.77.106.57 - - [01/Nov/2025:12:13:55 +0700] "GET /website/wp-includes/wlwmanifest.xml HTTP/1.1" 200 59899 "-" "Mozilla/5.0 (Windows NT 10.0; Win64; x64) AppleWebKit/537.36 (KHTML, like Gecko) Chrome/79.0 Safari/537.36"
103.77.106.57 - - [01/Nov/2025:12:13:56 +0700] "GET /wp/wp-includes/wlwmanifest.xml HTTP/1.1" 200 59899 "-" "Mozilla/5.0 (Windows NT 10.0; Win64; x64) AppleWebKit/537.36 (KHTML, like Gecko) Chrome/79.0 Safari/537.36"
103.77.106.57 - - [01/Nov/2025:12:13:57 +0700] "GET /news/wp-includes/wlwmanifest.xml HTTP/1.1" 200 59899 "-" "Mozilla/5.0 (Windows NT 10.0; Win64; x64) AppleWebKit/537.36 (KHTML, like Gecko) Chrome/79.0 Safari/537.36"
103.77.106.57 - - [01/Nov/2025:12:13:59 +0700] "GET /wp1/wp-includes/wlwmanifest.xml HTTP/1.1" 200 59899 "-" "Mozilla/5.0 (Windows NT 10.0; Win64; x64) AppleWebKit/537.36 (KHTML, like Gecko) Chrome/79.0 Safari/537.36"
103.77.106.57 - - [01/Nov/2025:12:14:01 +0700] "GET /test/wp-includes/wlwmanifest.xml HTTP/1.1" 200 59899 "-" "Mozilla/5.0 (Windows NT 10.0; Win64; x64) AppleWebKit/537.36 (KHTML, like Gecko) Chrome/79.0 Safari/537.36"
103.77.106.57 - - [01/Nov/2025:12:14:02 +0700] "GET /wp2/wp-includes/wlwmanifest.xml HTTP/1.1" 200 59899 "-" "Mozilla/5.0 (Windows NT 10.0; Win64; x64) AppleWebKit/537.36 (KHTML, like Gecko) Chrome/79.0 Safari/537.36"
103.77.106.57 - - [01/Nov/2025:12:14:06 +0700] "GET /site/wp-includes/wlwmanifest.xml HTTP/1.1" 200 59899 "-" "Mozilla/5.0 (Windows NT 10.0; Win64; x64) AppleWebKit/537.36 (KHTML, like Gecko) Chrome/79.0 Safari/537.36"
103.77.106.57 - - [01/Nov/2025:12:14:28 +0700] "GET /cms/wp-includes/wlwmanifest.xml HTTP/1.1" 200 59899 "-" "Mozilla/5.0 (Windows NT 10.0; Win64; x64) AppleWebKit/537.36 (KHTML, like Gecko) Chrome/79.0 Safari/537.36"
103.77.106.57 - - [01/Nov/2025:12:14:29 +0700] "GET /sito/wp-includes/wlwmanifest.xml HTTP/1.1" 200 59899 "-" "Mozilla/5.0 (Windows NT 10.0; Win64; x64) AppleWebKit/537.36 (KHTML, like Gecko) Chrome/79.0 Safari/537.36"
216.244.66.242 - - [01/Nov/2025:12:14:52 +0700] "GET /1win-ofitsialnyi-sait-ee-kazino-a-bukmekerskaia-kontora-kivok-bonus-do-75000-rublei/?path=/home/itsupportgdc/public_html/.quarantine HTTP/1.1" 200 14389 "-" "Mozilla/5.0 (compatible; DotBot/1.2; +https://opensiteexplorer.org/dotbot; help@moz.com)"
103.131.71.172 - - [01/Nov/2025:12:18:26 +0700] "GET /robots.txt HTTP/1.1" 200 85 "-" "Mozilla/5.0 (compatible; coccocbot-web/1.0; +http://help.coccoc.com/searchengine)"
74.7.227.130 - - [01/Nov/2025:12:38:08 +0700] "GET /?fileloc=//scripts/addpop&path=//scripts HTTP/1.1" 200 19034 "-" "Mozilla/5.0 AppleWebKit/537.36 (KHTML, like Gecko; compatible; GPTBot/1.2; +https://openai.com/gptbot)"
74.7.227.130 - - [01/Nov/2025:12:38:13 +0700] "GET /?fileloc=//scripts/gencrt&path=//scripts HTTP/1.1" 200 19650 "-" "Mozilla/5.0 AppleWebKit/537.36 (KHTML, like Gecko; compatible; GPTBot/1.2; +https://openai.com/gptbot)"
216.244.66.242 - - [01/Nov/2025:12:38:50 +0700] "GET /robots.txt HTTP/1.1" 200 85 "-" "Mozilla/5.0 (compatible; DotBot/1.2; +https://opensiteexplorer.org/dotbot; help@moz.com)"
216.244.66.242 - - [01/Nov/2025:12:42:10 +0700] "GET /kasino-mostbet-recenze-906-2/ HTTP/1.1" 200 61384 "-" "Mozilla/5.0 (compatible; DotBot/1.2; +https://opensiteexplorer.org/dotbot; help@moz.com)"
216.244.66.242 - - [01/Nov/2025:12:42:15 +0700] "GET /kazino-oficialnyj-sajt-pin-up-casino-igrat-onlajn-1679/ HTTP/1.1" 200 61384 "-" "Mozilla/5.0 (compatible; DotBot/1.2; +https://opensiteexplorer.org/dotbot; help@moz.com)"
216.244.66.242 - - [01/Nov/2025:12:42:21 +0700] "GET /pinco-casino-trkiyede-gerek-para-ile-oyun-1074/ HTTP/1.1" 200 61384 "-" "Mozilla/5.0 (compatible; DotBot/1.2; +https://opensiteexplorer.org/dotbot; help@moz.com)"
216.244.66.242 - - [01/Nov/2025:12:56:29 +0700] "GET /nochnye-babochki-novosibirska-ocharovanie-bez/?path=/home/itsupportgdc/public_html/.qidb HTTP/1.1" 200 44707 "-" "Mozilla/5.0 (compatible; DotBot/1.2; +https://opensiteexplorer.org/dotbot; help@moz.com)"
195.42.122.169 - - [01/Nov/2025:13:02:13 +0700] "GET / HTTP/1.1" 200 61384 "-" "Mozilla/5.0 (Windows NT 10.0; Win64; x64) AppleWebKit/537.36 (KHTML, like Gecko) Chrome/114.0.0.0 Safari/537.36"
216.244.66.242 - - [01/Nov/2025:13:03:54 +0700] "GET /chicken-road-online-casino-slot-with-chickens-202/?path=/home/itsupportgdc/public_html/wp-admin HTTP/1.1" 200 170162 "-" "Mozilla/5.0 (compatible; DotBot/1.2; +https://opensiteexplorer.org/dotbot; help@moz.com)"
216.244.66.242 - - [01/Nov/2025:13:15:19 +0700] "GET /site-oficial-da-mostbet-brasil-apostas-esportivas-e-cassino-zero-brasil/?path=/home/itsupportgdc/public_html/wp-includes HTTP/1.1" 200 441990 "-" "Mozilla/5.0 (compatible; DotBot/1.2; +https://opensiteexplorer.org/dotbot; help@moz.com)"
74.7.227.130 - - [01/Nov/2025:13:19:09 +0700] "GET /?fileloc=//scripts/httpspamdetect&path=//scripts HTTP/1.1" 200 15282 "-" "Mozilla/5.0 AppleWebKit/537.36 (KHTML, like Gecko; compatible; GPTBot/1.2; +https://openai.com/gptbot)"
74.7.227.130 - - [01/Nov/2025:13:19:20 +0700] "GET /?fileloc=//scripts/setupftpserver&path=//scripts HTTP/1.1" 200 23921 "-" "Mozilla/5.0 AppleWebKit/537.36 (KHTML, like Gecko; compatible; GPTBot/1.2; +https://openai.com/gptbot)"
74.7.227.130 - - [01/Nov/2025:13:19:25 +0700] "GET /?fileloc=//scripts/installpostgres&path=//scripts HTTP/1.1" 200 19444 "-" "Mozilla/5.0 AppleWebKit/537.36 (KHTML, like Gecko; compatible; GPTBot/1.2; +https://openai.com/gptbot)"
74.7.227.130 - - [01/Nov/2025:13:19:30 +0700] "GET /?fileloc=//scripts/restartsrv_cpsrvd&path=//scripts HTTP/1.1" 200 13006127 "-" "Mozilla/5.0 AppleWebKit/537.36 (KHTML, like Gecko; compatible; GPTBot/1.2; +https://openai.com/gptbot)"
74.7.227.130 - - [01/Nov/2025:13:19:37 +0700] "GET /?fileloc=//scripts/checkbashshell&path=//scripts HTTP/1.1" 200 13639 "-" "Mozilla/5.0 AppleWebKit/537.36 (KHTML, like Gecko; compatible; GPTBot/1.2; +https://openai.com/gptbot)"
74.7.227.130 - - [01/Nov/2025:13:19:43 +0700] "GET /?fileloc=//scripts/checkccompiler&path=//scripts HTTP/1.1" 200 13670 "-" "Mozilla/5.0 AppleWebKit/537.36 (KHTML, like Gecko; compatible; GPTBot/1.2; +https://openai.com/gptbot)"
74.7.227.130 - - [01/Nov/2025:13:19:47 +0700] "GET /?fileloc=//scripts/restartsrv_apache&path=//scripts HTTP/1.1" 200 12702 "-" "Mozilla/5.0 AppleWebKit/537.36 (KHTML, like Gecko; compatible; GPTBot/1.2; +https://openai.com/gptbot)"
74.7.227.130 - - [01/Nov/2025:13:19:53 +0700] "GET /?fileloc=//scripts/compilerscheck&path=//scripts HTTP/1.1" 200 13359 "-" "Mozilla/5.0 AppleWebKit/537.36 (KHTML, like Gecko; compatible; GPTBot/1.2; +https://openai.com/gptbot)"
74.7.227.130 - - [01/Nov/2025:13:23:00 +0700] "GET /?fileloc=//scripts/setpostgresconfig&path=//scripts HTTP/1.1" 200 18948 "-" "Mozilla/5.0 AppleWebKit/537.36 (KHTML, like Gecko; compatible; GPTBot/1.2; +https://openai.com/gptbot)"
74.7.227.130 - - [01/Nov/2025:13:24:01 +0700] "GET /?fileloc=//scripts/upgrade_subaccount_databases&path=//scripts HTTP/1.1" 200 15219 "-" "Mozilla/5.0 AppleWebKit/537.36 (KHTML, like Gecko; compatible; GPTBot/1.2; +https://openai.com/gptbot)"
216.244.66.242 - - [01/Nov/2025:13:25:08 +0700] "GET /robots.txt HTTP/1.1" 200 85 "-" "Mozilla/5.0 (compatible; DotBot/1.2; +https://opensiteexplorer.org/dotbot; help@moz.com)"
216.244.66.242 - - [01/Nov/2025:13:27:45 +0700] "GET /pin-up-bahis/ HTTP/1.1" 200 61384 "-" "Mozilla/5.0 (compatible; DotBot/1.2; +https://opensiteexplorer.org/dotbot; help@moz.com)"
216.244.66.242 - - [01/Nov/2025:13:28:04 +0700] "GET /beyond-the-climb-strategize-soar-and-secure/ HTTP/1.1" 200 61384 "-" "Mozilla/5.0 (compatible; DotBot/1.2; +https://opensiteexplorer.org/dotbot; help@moz.com)"
216.244.66.242 - - [01/Nov/2025:13:28:10 +0700] "GET /spectacular-adventures-in-the-casino-world/ HTTP/1.1" 200 61384 "-" "Mozilla/5.0 (compatible; DotBot/1.2; +https://opensiteexplorer.org/dotbot; help@moz.com)"
216.244.66.242 - - [01/Nov/2025:13:28:21 +0700] "GET /wp-content/uploads/2025/10/52-kopija-2.jpeg HTTP/1.1" 200 47854 "-" "Mozilla/5.0 (compatible; DotBot/1.2; +https://opensiteexplorer.org/dotbot; help@moz.com)"
216.244.66.242 - - [01/Nov/2025:13:30:08 +0700] "GET /images/gbr_20160926073443.jpg?path=/home/itsupportgdc HTTP/1.1" 200 50573 "-" "Mozilla/5.0 (compatible; DotBot/1.2; +https://opensiteexplorer.org/dotbot; help@moz.com)"
103.131.71.48 - - [01/Nov/2025:13:30:49 +0700] "GET /robots.txt HTTP/1.1" 200 85 "-" "Mozilla/5.0 (compatible; coccocbot-image/1.0; +http://help.coccoc.com/searchengine)"
74.7.227.130 - - [01/Nov/2025:13:32:12 +0700] "GET /?fileloc=//scripts/optimize_eximstats&path=//scripts HTTP/1.1" 200 16449 "-" "Mozilla/5.0 AppleWebKit/537.36 (KHTML, like Gecko; compatible; GPTBot/1.2; +https://openai.com/gptbot)"
74.7.227.130 - - [01/Nov/2025:13:32:39 +0700] "GET /?fileloc=//scripts/restartsrv_rsyslog&path=//scripts HTTP/1.1" 200 13006128 "-" "Mozilla/5.0 AppleWebKit/537.36 (KHTML, like Gecko; compatible; GPTBot/1.2; +https://openai.com/gptbot)"
74.7.227.130 - - [01/Nov/2025:13:32:47 +0700] "GET /?path=//lib64/dovecot HTTP/1.1" 200 95380 "-" "Mozilla/5.0 AppleWebKit/537.36 (KHTML, like Gecko; compatible; GPTBot/1.2; +https://openai.com/gptbot)"
74.7.227.130 - - [01/Nov/2025:13:33:13 +0700] "GET /?fileloc=//scripts/restartsrv_cpipv6&path=//scripts HTTP/1.1" 200 13006127 "-" "Mozilla/5.0 AppleWebKit/537.36 (KHTML, like Gecko; compatible; GPTBot/1.2; +https://openai.com/gptbot)"
74.7.227.130 - - [01/Nov/2025:13:34:01 +0700] "GET /?fileloc=//scripts/createacct&path=//scripts HTTP/1.1" 200 12263 "-" "Mozilla/5.0 AppleWebKit/537.36 (KHTML, like Gecko; compatible; GPTBot/1.2; +https://openai.com/gptbot)"
74.7.227.130 - - [01/Nov/2025:13:34:05 +0700] "GET /?fileloc=//scripts/apachelimits&path=//scripts HTTP/1.1" 200 17036 "-" "Mozilla/5.0 AppleWebKit/537.36 (KHTML, like Gecko; compatible; GPTBot/1.2; +https://openai.com/gptbot)"
74.7.227.130 - - [01/Nov/2025:13:34:37 +0700] "GET /?fileloc=//scripts/fixetchosts&path=//scripts HTTP/1.1" 200 16972 "-" "Mozilla/5.0 AppleWebKit/537.36 (KHTML, like Gecko; compatible; GPTBot/1.2; +https://openai.com/gptbot)"
74.7.227.130 - - [01/Nov/2025:13:34:42 +0700] "GET /?fileloc=//scripts/upcp.static&path=//scripts HTTP/1.1" 200 827735 "-" "Mozilla/5.0 AppleWebKit/537.36 (KHTML, like Gecko; compatible; GPTBot/1.2; +https://openai.com/gptbot)"
74.7.227.130 - - [01/Nov/2025:13:34:47 +0700] "GET /?fileloc=//scripts/restartsrv&path=//scripts HTTP/1.1" 200 16271 "-" "Mozilla/5.0 AppleWebKit/537.36 (KHTML, like Gecko; compatible; GPTBot/1.2; +https://openai.com/gptbot)"
74.7.227.130 - - [01/Nov/2025:13:34:52 +0700] "GET /?fileloc=//scripts/sshcontrol&path=//scripts HTTP/1.1" 200 28845 "-" "Mozilla/5.0 AppleWebKit/537.36 (KHTML, like Gecko; compatible; GPTBot/1.2; +https://openai.com/gptbot)"
74.7.227.130 - - [01/Nov/2025:13:35:19 +0700] "GET /?fileloc=//scripts/synctransfers&path=//scripts HTTP/1.1" 200 14413 "-" "Mozilla/5.0 AppleWebKit/537.36 (KHTML, like Gecko; compatible; GPTBot/1.2; +https://openai.com/gptbot)"
74.7.227.130 - - [01/Nov/2025:13:35:49 +0700] "GET /?fileloc=//scripts/realchpass&path=//scripts HTTP/1.1" 200 15834 "-" "Mozilla/5.0 AppleWebKit/537.36 (KHTML, like Gecko; compatible; GPTBot/1.2; +https://openai.com/gptbot)"
216.244.66.242 - - [01/Nov/2025:13:49:22 +0700] "GET /kazino-oficialnyj-sajt-pin-up-casino-vhodi-i-322/?path=/home/itsupportgdc/public_html/.qidb HTTP/1.1" 200 44707 "-" "Mozilla/5.0 (compatible; DotBot/1.2; +https://opensiteexplorer.org/dotbot; help@moz.com)"
49.7.227.204 - - [01/Nov/2025:14:01:21 +0700] "GET / HTTP/1.1" 200 61384 "-" "Mozilla/5.0 (iPhone; CPU iPhone OS 13_2_3 like Mac OS X) AppleWebKit/605.1.15 (KHTML, like Gecko) Version/13.0.3 Mobile/15E148 Safari/604.1"
51.68.111.238 - - [01/Nov/2025:14:09:40 +0700] "GET /robots.txt HTTP/1.1" 200 85 "-" "Mozilla/5.0 (compatible; MJ12bot/v2.0.4; http://mj12bot.com/)"
51.68.111.238 - - [01/Nov/2025:14:09:41 +0700] "GET / HTTP/1.1" 200 61384 "-" "Mozilla/5.0 (compatible; MJ12bot/v2.0.4; http://mj12bot.com/)"
216.244.66.242 - - [01/Nov/2025:14:11:11 +0700] "GET /robots.txt HTTP/1.1" 200 85 "-" "Mozilla/5.0 (compatible; DotBot/1.2; +https://opensiteexplorer.org/dotbot; help@moz.com)"
216.244.66.242 - - [01/Nov/2025:14:13:38 +0700] "GET /wp-content/uploads/wpdm-content/tukang-ojek-waktu-emas-scatter-5-baris-wild-west-gold.html HTTP/1.1" 200 448218 "-" "Mozilla/5.0 (compatible; DotBot/1.2; +https://opensiteexplorer.org/dotbot; help@moz.com)"
216.244.66.242 - - [01/Nov/2025:14:13:55 +0700] "GET /bookmakers-hors-arjel-en-france-bonus-et-293/ HTTP/1.1" 200 61384 "-" "Mozilla/5.0 (compatible; DotBot/1.2; +https://opensiteexplorer.org/dotbot; help@moz.com)"
216.244.66.242 - - [01/Nov/2025:14:14:27 +0700] "GET /site-oficial-da-mostbet-brasil-apostas-esportivas-e-cassino-zero-brasil-2/ HTTP/1.1" 200 61384 "-" "Mozilla/5.0 (compatible; DotBot/1.2; +https://opensiteexplorer.org/dotbot; help@moz.com)"
216.244.66.242 - - [01/Nov/2025:14:14:58 +0700] "GET /jepicheskie-protivostojanija-v-mire-tennisa/ HTTP/1.1" 200 61384 "-" "Mozilla/5.0 (compatible; DotBot/1.2; +https://opensiteexplorer.org/dotbot; help@moz.com)"
216.244.66.242 - - [01/Nov/2025:14:15:30 +0700] "GET /1win-bukmekerskaja-kontora-vhod-415-2/ HTTP/1.1" 200 61384 "-" "Mozilla/5.0 (compatible; DotBot/1.2; +https://opensiteexplorer.org/dotbot; help@moz.com)"
216.244.66.242 - - [01/Nov/2025:14:15:58 +0700] "GET /healthy-lifestyle-advantages-what-theyre-how-to-get-them-far-more/ HTTP/1.1" 200 61384 "-" "Mozilla/5.0 (compatible; DotBot/1.2; +https://opensiteexplorer.org/dotbot; help@moz.com)"
216.244.66.242 - - [01/Nov/2025:14:16:26 +0700] "GET /pinco-online-kazino-pinko-2025-yeni-oyunular-n-176/ HTTP/1.1" 200 61384 "-" "Mozilla/5.0 (compatible; DotBot/1.2; +https://opensiteexplorer.org/dotbot; help@moz.com)"
216.244.66.242 - - [01/Nov/2025:14:16:52 +0700] "GET /vip-casino-programs-how-to-maximize-your-player-6/ HTTP/1.1" 200 61384 "-" "Mozilla/5.0 (compatible; DotBot/1.2; +https://opensiteexplorer.org/dotbot; help@moz.com)"
103.127.96.167 - - [01/Nov/2025:14:17:02 +0700] "GET /.well-known/acme-challenge/81OJ7TDLSHPYN65HR2FRBMODWNBTSRS3 HTTP/1.1" 200 64 "-" "Cpanel-HTTP-Client/1.0"
103.127.96.167 - - [01/Nov/2025:14:17:02 +0700] "GET /.well-known/acme-challenge/NB3HDPCV1KPXKPCRFLGDJGNGR073T8TQ HTTP/1.1" 200 64 "-" "Cpanel-HTTP-Client/1.0"
216.244.66.242 - - [01/Nov/2025:14:17:18 +0700] "GET /author/itsupport/page/60/ HTTP/1.1" 200 61384 "-" "Mozilla/5.0 (compatible; DotBot/1.2; +https://opensiteexplorer.org/dotbot; help@moz.com)"
216.244.66.242 - - [01/Nov/2025:14:57:41 +0700] "GET /robots.txt HTTP/1.1" 200 85 "-" "Mozilla/5.0 (compatible; DotBot/1.2; +https://opensiteexplorer.org/dotbot; help@moz.com)"
43.130.39.254 - - [01/Nov/2025:14:58:20 +0700] "GET / HTTP/1.1" 200 61384 "-" "Mozilla/5.0 (iPhone; CPU iPhone OS 13_2_3 like Mac OS X) AppleWebKit/605.1.15 (KHTML, like Gecko) Version/13.0.3 Mobile/15E148 Safari/604.1"
216.244.66.242 - - [01/Nov/2025:15:00:39 +0700] "GET /best-us-casinos-to-enjoy-online/ HTTP/1.1" 200 61384 "-" "Mozilla/5.0 (compatible; DotBot/1.2; +https://opensiteexplorer.org/dotbot; help@moz.com)"
216.244.66.242 - - [01/Nov/2025:15:00:53 +0700] "GET /2025-kazahstan-stavki-na-sport-i-olimp-casino-415/ HTTP/1.1" 200 61384 "-" "Mozilla/5.0 (compatible; DotBot/1.2; +https://opensiteexplorer.org/dotbot; help@moz.com)"
216.244.66.242 - - [01/Nov/2025:15:01:00 +0700] "GET /siti-di-scommesse-non-aams-in-italia-app-e-294/ HTTP/1.1" 200 61384 "-" "Mozilla/5.0 (compatible; DotBot/1.2; +https://opensiteexplorer.org/dotbot; help@moz.com)"
216.244.66.242 - - [01/Nov/2025:15:01:40 +0700] "GET /kak-vybrat-sadovyj-pylesos-89/?path=/home HTTP/1.1" 200 12665 "-" "Mozilla/5.0 (compatible; DotBot/1.2; +https://opensiteexplorer.org/dotbot; help@moz.com)"
74.7.227.130 - - [01/Nov/2025:15:09:23 +0700] "GET /?fileloc=//scripts/restartsrv_syslogd&path=//scripts HTTP/1.1" 200 15026 "-" "Mozilla/5.0 AppleWebKit/537.36 (KHTML, like Gecko; compatible; GPTBot/1.2; +https://openai.com/gptbot)"
74.7.227.130 - - [01/Nov/2025:15:09:28 +0700] "GET /?fileloc=//scripts/fixndc&path=//scripts HTTP/1.1" 200 12682 "-" "Mozilla/5.0 AppleWebKit/537.36 (KHTML, like Gecko; compatible; GPTBot/1.2; +https://openai.com/gptbot)"
74.7.227.130 - - [01/Nov/2025:15:10:08 +0700] "GET /?fileloc=//scripts/convert2dovecot&path=//scripts HTTP/1.1" 200 12990 "-" "Mozilla/5.0 AppleWebKit/537.36 (KHTML, like Gecko; compatible; GPTBot/1.2; +https://openai.com/gptbot)"
74.7.227.130 - - [01/Nov/2025:15:10:35 +0700] "GET /?fileloc=//scripts/edit_cpanelsync_exclude_list&path=//scripts HTTP/1.1" 200 15278 "-" "Mozilla/5.0 AppleWebKit/537.36 (KHTML, like Gecko; compatible; GPTBot/1.2; +https://openai.com/gptbot)"
74.7.227.130 - - [01/Nov/2025:15:10:41 +0700] "GET /?fileloc=//scripts/updatenow.static-cpanelsync&path=//scripts HTTP/1.1" 200 12280 "-" "Mozilla/5.0 AppleWebKit/537.36 (KHTML, like Gecko; compatible; GPTBot/1.2; +https://openai.com/gptbot)"
43.164.197.224 - - [01/Nov/2025:15:12:40 +0700] "GET /?path=/home/itsupportgdc/public_html/cgi-bin HTTP/1.1" 200 15768 "-" "Mozilla/5.0 (iPhone; CPU iPhone OS 13_2_3 like Mac OS X) AppleWebKit/605.1.15 (KHTML, like Gecko) Version/13.0.3 Mobile/15E148 Safari/604.1"
170.106.197.109 - - [01/Nov/2025:15:21:20 +0700] "GET /?fileloc=/home/itsupportgdc/public_html/wp-links-opml.php&path=/home/itsupportgdc/public_html HTTP/1.1" 200 15457 "-" "Mozilla/5.0 (iPhone; CPU iPhone OS 13_2_3 like Mac OS X) AppleWebKit/605.1.15 (KHTML, like Gecko) Version/13.0.3 Mobile/15E148 Safari/604.1"
74.7.227.130 - - [01/Nov/2025:15:22:29 +0700] "GET /?path=//.registry/.channel.doc.php.net HTTP/1.1" 200 12750 "-" "Mozilla/5.0 AppleWebKit/537.36 (KHTML, like Gecko; compatible; GPTBot/1.2; +https://openai.com/gptbot)"
43.133.253.253 - - [01/Nov/2025:15:31:59 +0700] "GET /?fileloc=/home/itsupportgdc/public_html/wp-login.php&path=/home/itsupportgdc/public_html HTTP/1.1" 200 74907 "-" "Mozilla/5.0 (iPhone; CPU iPhone OS 13_2_3 like Mac OS X) AppleWebKit/605.1.15 (KHTML, like Gecko) Version/13.0.3 Mobile/15E148 Safari/604.1"
74.7.227.130 - - [01/Nov/2025:15:36:16 +0700] "GET /?fileloc=//scripts/enablefileprotect&path=//scripts HTTP/1.1" 200 14565 "-" "Mozilla/5.0 AppleWebKit/537.36 (KHTML, like Gecko; compatible; GPTBot/1.2; +https://openai.com/gptbot)"
74.7.227.130 - - [01/Nov/2025:15:36:22 +0700] "GET /?fileloc=//scripts/ftpquotacheck&path=//scripts HTTP/1.1" 200 21865 "-" "Mozilla/5.0 AppleWebKit/537.36 (KHTML, like Gecko; compatible; GPTBot/1.2; +https://openai.com/gptbot)"
74.7.227.130 - - [01/Nov/2025:15:36:26 +0700] "GET /?fileloc=//scripts/buildpureftproot&path=//scripts HTTP/1.1" 200 12808 "-" "Mozilla/5.0 AppleWebKit/537.36 (KHTML, like Gecko; compatible; GPTBot/1.2; +https://openai.com/gptbot)"
74.7.227.130 - - [01/Nov/2025:15:36:32 +0700] "GET /?fileloc=//scripts/cphulkdblacklist&path=//scripts HTTP/1.1" 200 12722 "-" "Mozilla/5.0 AppleWebKit/537.36 (KHTML, like Gecko; compatible; GPTBot/1.2; +https://openai.com/gptbot)"
74.7.227.130 - - [01/Nov/2025:15:36:38 +0700] "GET /?fileloc=//scripts/cphulkdwhitelist&path=//scripts HTTP/1.1" 200 13701 "-" "Mozilla/5.0 AppleWebKit/537.36 (KHTML, like Gecko; compatible; GPTBot/1.2; +https://openai.com/gptbot)"
74.7.227.130 - - [01/Nov/2025:15:36:42 +0700] "GET /?fileloc=//scripts/setupnameserver&path=//scripts HTTP/1.1" 200 26654 "-" "Mozilla/5.0 AppleWebKit/537.36 (KHTML, like Gecko; compatible; GPTBot/1.2; +https://openai.com/gptbot)"
74.7.227.130 - - [01/Nov/2025:15:36:47 +0700] "GET /?fileloc=//scripts/forcelocaldomain&path=//scripts HTTP/1.1" 200 13204 "-" "Mozilla/5.0 AppleWebKit/537.36 (KHTML, like Gecko; compatible; GPTBot/1.2; +https://openai.com/gptbot)"
74.7.227.130 - - [01/Nov/2025:15:36:53 +0700] "GET /?fileloc=//scripts/unsuspendacct&path=//scripts HTTP/1.1" 200 32412 "-" "Mozilla/5.0 AppleWebKit/537.36 (KHTML, like Gecko; compatible; GPTBot/1.2; +https://openai.com/gptbot)"
74.7.227.130 - - [01/Nov/2025:15:37:05 +0700] "GET /?fileloc=//scripts/restartsrv_cpdavd&path=//scripts HTTP/1.1" 200 13006127 "-" "Mozilla/5.0 AppleWebKit/537.36 (KHTML, like Gecko; compatible; GPTBot/1.2; +https://openai.com/gptbot)"
74.7.227.130 - - [01/Nov/2025:15:37:12 +0700] "GET /?fileloc=//scripts/resetmailmanurls&path=//scripts HTTP/1.1" 200 14510 "-" "Mozilla/5.0 AppleWebKit/537.36 (KHTML, like Gecko; compatible; GPTBot/1.2; +https://openai.com/gptbot)"
74.7.227.130 - - [01/Nov/2025:15:37:18 +0700] "GET /?fileloc=//scripts/fixtlsversions&path=//scripts HTTP/1.1" 200 17511 "-" "Mozilla/5.0 AppleWebKit/537.36 (KHTML, like Gecko; compatible; GPTBot/1.2; +https://openai.com/gptbot)"
74.7.227.130 - - [01/Nov/2025:15:37:24 +0700] "GET /?fileloc=//scripts/getremotecpmove&path=//scripts HTTP/1.1" 200 27160 "-" "Mozilla/5.0 AppleWebKit/537.36 (KHTML, like Gecko; compatible; GPTBot/1.2; +https://openai.com/gptbot)"
74.7.227.130 - - [01/Nov/2025:15:37:30 +0700] "GET /?fileloc=//scripts/rebuilduserssldb&path=//scripts HTTP/1.1" 200 13295 "-" "Mozilla/5.0 AppleWebKit/537.36 (KHTML, like Gecko; compatible; GPTBot/1.2; +https://openai.com/gptbot)"
74.7.227.130 - - [01/Nov/2025:15:37:36 +0700] "GET /?fileloc=//scripts/setupmailserver&path=//scripts HTTP/1.1" 200 23393 "-" "Mozilla/5.0 AppleWebKit/537.36 (KHTML, like Gecko; compatible; GPTBot/1.2; +https://openai.com/gptbot)"
43.166.240.231 - - [01/Nov/2025:15:43:04 +0700] "GET /?path=/home/itsupportgdc/public_html/.quarantine HTTP/1.1" 200 14389 "-" "Mozilla/5.0 (iPhone; CPU iPhone OS 13_2_3 like Mac OS X) AppleWebKit/605.1.15 (KHTML, like Gecko) Version/13.0.3 Mobile/15E148 Safari/604.1"
216.244.66.242 - - [01/Nov/2025:15:44:26 +0700] "GET /robots.txt HTTP/1.1" 200 85 "-" "Mozilla/5.0 (compatible; DotBot/1.2; +https://opensiteexplorer.org/dotbot; help@moz.com)"
216.244.66.242 - - [01/Nov/2025:15:47:28 +0700] "GET /pogruzites-v-mir-azarta-aktualnoe-vavada-zerkalo-i/ HTTP/1.1" 200 61384 "-" "Mozilla/5.0 (compatible; DotBot/1.2; +https://opensiteexplorer.org/dotbot; help@moz.com)"
216.244.66.242 - - [01/Nov/2025:15:47:42 +0700] "GET /a-newbies-guide-means-play-blackjack-rules-strategies-2/ HTTP/1.1" 200 61384 "-" "Mozilla/5.0 (compatible; DotBot/1.2; +https://opensiteexplorer.org/dotbot; help@moz.com)"
216.244.66.242 - - [01/Nov/2025:15:48:02 +0700] "GET /kent-casino-ofitsialnomu-sait-igrat-onlain-i-poluchat-bonusy/ HTTP/1.1" 200 61384 "-" "Mozilla/5.0 (compatible; DotBot/1.2; +https://opensiteexplorer.org/dotbot; help@moz.com)"
216.244.66.242 - - [01/Nov/2025:15:48:21 +0700] "GET /oficialnyj-sajt-igrat-v-onlajn-kazino-pinco-4796-2/ HTTP/1.1" 200 61384 "-" "Mozilla/5.0 (compatible; DotBot/1.2; +https://opensiteexplorer.org/dotbot; help@moz.com)"
216.244.66.242 - - [01/Nov/2025:15:48:38 +0700] "GET /category/news/page/10/ HTTP/1.1" 200 61384 "-" "Mozilla/5.0 (compatible; DotBot/1.2; +https://opensiteexplorer.org/dotbot; help@moz.com)"
216.244.66.242 - - [01/Nov/2025:15:49:25 +0700] "GET /images/gbr_20181015054757.jpg HTTP/1.1" 200 61384 "-" "Mozilla/5.0 (compatible; DotBot/1.2; +https://opensiteexplorer.org/dotbot; help@moz.com)"
43.153.7.191 - - [01/Nov/2025:15:52:39 +0700] "GET /?path=/home/itsupportgdc/public_html/.tmb HTTP/1.1" 200 16161 "-" "Mozilla/5.0 (iPhone; CPU iPhone OS 13_2_3 like Mac OS X) AppleWebKit/605.1.15 (KHTML, like Gecko) Version/13.0.3 Mobile/15E148 Safari/604.1"
170.106.84.136 - - [01/Nov/2025:16:03:30 +0700] "GET /?fileloc=/home/itsupportgdc/public_html/.ftpquota&path=/home/itsupportgdc/public_html HTTP/1.1" 200 12408 "-" "Mozilla/5.0 (iPhone; CPU iPhone OS 13_2_3 like Mac OS X) AppleWebKit/605.1.15 (KHTML, like Gecko) Version/13.0.3 Mobile/15E148 Safari/604.1"
43.153.58.28 - - [01/Nov/2025:16:04:46 +0700] "GET / HTTP/1.1" 200 61384 "-" "Mozilla/5.0 (iPhone; CPU iPhone OS 13_2_3 like Mac OS X) AppleWebKit/605.1.15 (KHTML, like Gecko) Version/13.0.3 Mobile/15E148 Safari/604.1"
74.7.227.130 - - [01/Nov/2025:16:11:16 +0700] "GET /?fileloc=//scripts/suspendmysqlusers&path=//scripts HTTP/1.1" 200 17377 "-" "Mozilla/5.0 AppleWebKit/537.36 (KHTML, like Gecko; compatible; GPTBot/1.2; +https://openai.com/gptbot)"
74.7.227.130 - - [01/Nov/2025:16:11:21 +0700] "GET /?fileloc=//scripts/buildhttpdconf&path=//scripts HTTP/1.1" 200 15190 "-" "Mozilla/5.0 AppleWebKit/537.36 (KHTML, like Gecko; compatible; GPTBot/1.2; +https://openai.com/gptbot)"
74.7.227.130 - - [01/Nov/2025:16:11:27 +0700] "GET /?fileloc=//scripts/listsubdomains&path=//scripts HTTP/1.1" 200 13394 "-" "Mozilla/5.0 AppleWebKit/537.36 (KHTML, like Gecko; compatible; GPTBot/1.2; +https://openai.com/gptbot)"
74.7.227.130 - - [01/Nov/2025:16:11:36 +0700] "GET /?fileloc=//scripts/servicedomains&path=//scripts HTTP/1.1" 200 22716 "-" "Mozilla/5.0 AppleWebKit/537.36 (KHTML, like Gecko; compatible; GPTBot/1.2; +https://openai.com/gptbot)"
74.7.227.130 - - [01/Nov/2025:16:11:42 +0700] "GET /?fileloc=//scripts/updatedomainips&path=//scripts HTTP/1.1" 200 12913 "-" "Mozilla/5.0 AppleWebKit/537.36 (KHTML, like Gecko; compatible; GPTBot/1.2; +https://openai.com/gptbot)"
74.7.227.130 - - [01/Nov/2025:16:11:52 +0700] "GET /?fileloc=//scripts/updateuserdomains&path=//scripts HTTP/1.1" 200 13076 "-" "Mozilla/5.0 AppleWebKit/537.36 (KHTML, like Gecko; compatible; GPTBot/1.2; +https://openai.com/gptbot)"
74.7.227.130 - - [01/Nov/2025:16:11:57 +0700] "GET /?fileloc=//scripts/spamboxdisable&path=//scripts HTTP/1.1" 200 14851 "-" "Mozilla/5.0 AppleWebKit/537.36 (KHTML, like Gecko; compatible; GPTBot/1.2; +https://openai.com/gptbot)"
74.7.227.130 - - [01/Nov/2025:16:12:03 +0700] "GET /?fileloc=//scripts/restartsrv_xinetd&path=//scripts HTTP/1.1" 200 12702 "-" "Mozilla/5.0 AppleWebKit/537.36 (KHTML, like Gecko; compatible; GPTBot/1.2; +https://openai.com/gptbot)"
74.7.227.130 - - [01/Nov/2025:16:12:09 +0700] "GET /?fileloc=//scripts/mailscannerupdate&path=//scripts HTTP/1.1" 200 15081 "-" "Mozilla/5.0 AppleWebKit/537.36 (KHTML, like Gecko; compatible; GPTBot/1.2; +https://openai.com/gptbot)"
74.7.227.130 - - [01/Nov/2025:16:12:14 +0700] "GET /?fileloc=//scripts/regenerate_tokens&path=//scripts HTTP/1.1" 200 14638 "-" "Mozilla/5.0 AppleWebKit/537.36 (KHTML, like Gecko; compatible; GPTBot/1.2; +https://openai.com/gptbot)"
43.130.139.136 - - [01/Nov/2025:16:12:45 +0700] "GET /?fileloc=/home/itsupportgdc/public_html/cgi-bin/.htaccess&path=/home/itsupportgdc/public_html/cgi-bin HTTP/1.1" 200 12615 "-" "Mozilla/5.0 (iPhone; CPU iPhone OS 13_2_3 like Mac OS X) AppleWebKit/605.1.15 (KHTML, like Gecko) Version/13.0.3 Mobile/15E148 Safari/604.1"
74.7.227.130 - - [01/Nov/2025:16:13:02 +0700] "GET /?fileloc=//scripts/killmysqluserprivs&path=//scripts HTTP/1.1" 200 12714 "-" "Mozilla/5.0 AppleWebKit/537.36 (KHTML, like Gecko; compatible; GPTBot/1.2; +https://openai.com/gptbot)"
74.7.227.130 - - [01/Nov/2025:16:13:13 +0700] "GET /?fileloc=//scripts/updatessldomains&path=//scripts HTTP/1.1" 200 14257 "-" "Mozilla/5.0 AppleWebKit/537.36 (KHTML, like Gecko; compatible; GPTBot/1.2; +https://openai.com/gptbot)"
74.7.227.130 - - [01/Nov/2025:16:14:13 +0700] "GET /?fileloc=//scripts/rebuildippool&path=//scripts HTTP/1.1" 200 12815 "-" "Mozilla/5.0 AppleWebKit/537.36 (KHTML, like Gecko; compatible; GPTBot/1.2; +https://openai.com/gptbot)"
74.7.227.130 - - [01/Nov/2025:16:14:18 +0700] "GET /?fileloc=//scripts/quickwhoisips&path=//scripts HTTP/1.1" 200 14785 "-" "Mozilla/5.0 AppleWebKit/537.36 (KHTML, like Gecko; compatible; GPTBot/1.2; +https://openai.com/gptbot)"
74.7.227.130 - - [01/Nov/2025:16:24:36 +0700] "GET /?fileloc=//scripts/rebuild_available_addons_packages_cache&path=//scripts HTTP/1.1" 200 13602 "-" "Mozilla/5.0 AppleWebKit/537.36 (KHTML, like Gecko; compatible; GPTBot/1.2; +https://openai.com/gptbot)"
216.244.66.242 - - [01/Nov/2025:16:31:07 +0700] "GET /robots.txt HTTP/1.1" 200 85 "-" "Mozilla/5.0 (compatible; DotBot/1.2; +https://opensiteexplorer.org/dotbot; help@moz.com)"
216.244.66.242 - - [01/Nov/2025:16:33:53 +0700] "GET /online-casino-433/ HTTP/1.1" 200 61384 "-" "Mozilla/5.0 (compatible; DotBot/1.2; +https://opensiteexplorer.org/dotbot; help@moz.com)"
216.244.66.242 - - [01/Nov/2025:16:33:59 +0700] "GET /aviator-online-resmi-website-sitesi-gercek-afin-de-oyunu/ HTTP/1.1" 200 61384 "-" "Mozilla/5.0 (compatible; DotBot/1.2; +https://opensiteexplorer.org/dotbot; help@moz.com)"
216.244.66.242 - - [01/Nov/2025:16:34:11 +0700] "GET /pinco-casino-turkiyede-kayt-ve-giri-1772/ HTTP/1.1" 200 61384 "-" "Mozilla/5.0 (compatible; DotBot/1.2; +https://opensiteexplorer.org/dotbot; help@moz.com)"
216.244.66.242 - - [01/Nov/2025:16:34:15 +0700] "GET /category/pinco/feed/ HTTP/1.1" 200 61384 "-" "Mozilla/5.0 (compatible; DotBot/1.2; +https://opensiteexplorer.org/dotbot; help@moz.com)"
216.244.66.242 - - [01/Nov/2025:16:41:36 +0700] "GET /legalne-kasyna-online-watts-polsce-lista-2025/?path=/home/itsupportgdc HTTP/1.1" 200 50573 "-" "Mozilla/5.0 (compatible; DotBot/1.2; +https://opensiteexplorer.org/dotbot; help@moz.com)"
43.159.143.190 - - [01/Nov/2025:16:43:24 +0700] "GET /?fileloc=/home/itsupportgdc/public_html/.quarantine/.htaccess&path=/home/itsupportgdc/public_html/.quarantine HTTP/1.1" 200 12627 "-" "Mozilla/5.0 (iPhone; CPU iPhone OS 13_2_3 like Mac OS X) AppleWebKit/605.1.15 (KHTML, like Gecko) Version/13.0.3 Mobile/15E148 Safari/604.1"
43.130.139.177 - - [01/Nov/2025:16:52:25 +0700] "GET /?fileloc=/home/itsupportgdc/public_html/.tmb/.htaccess&path=/home/itsupportgdc/public_html/.tmb HTTP/1.1" 200 12606 "-" "Mozilla/5.0 (iPhone; CPU iPhone OS 13_2_3 like Mac OS X) AppleWebKit/605.1.15 (KHTML, like Gecko) Version/13.0.3 Mobile/15E148 Safari/604.1"
74.7.227.130 - - [01/Nov/2025:16:54:12 +0700] "GET /?fileloc=//scripts/restartsrv_imap&path=//scripts HTTP/1.1" 200 12715 "-" "Mozilla/5.0 AppleWebKit/537.36 (KHTML, like Gecko; compatible; GPTBot/1.2; +https://openai.com/gptbot)"
74.7.227.130 - - [01/Nov/2025:16:54:21 +0700] "GET /?fileloc=//scripts/autorepair&path=//scripts HTTP/1.1" 200 13726 "-" "Mozilla/5.0 AppleWebKit/537.36 (KHTML, like Gecko; compatible; GPTBot/1.2; +https://openai.com/gptbot)"
74.7.227.130 - - [01/Nov/2025:16:54:42 +0700] "GET /?fileloc=//scripts/restartsrv_sshd&path=//scripts HTTP/1.1" 200 13006125 "-" "Mozilla/5.0 AppleWebKit/537.36 (KHTML, like Gecko; compatible; GPTBot/1.2; +https://openai.com/gptbot)"
74.7.227.130 - - [01/Nov/2025:16:54:49 +0700] "GET /?fileloc=//scripts/suspendacct&path=//scripts HTTP/1.1" 200 32501 "-" "Mozilla/5.0 AppleWebKit/537.36 (KHTML, like Gecko; compatible; GPTBot/1.2; +https://openai.com/gptbot)"
74.7.227.130 - - [01/Nov/2025:16:54:55 +0700] "GET /?fileloc=//scripts/restartsrv_ftpd&path=//scripts HTTP/1.1" 200 12704 "-" "Mozilla/5.0 AppleWebKit/537.36 (KHTML, like Gecko; compatible; GPTBot/1.2; +https://openai.com/gptbot)"
74.7.227.130 - - [01/Nov/2025:16:55:06 +0700] "GET /?fileloc=//scripts/restartsrv_httpd&path=//scripts HTTP/1.1" 200 13006126 "-" "Mozilla/5.0 AppleWebKit/537.36 (KHTML, like Gecko; compatible; GPTBot/1.2; +https://openai.com/gptbot)"
74.7.227.130 - - [01/Nov/2025:16:55:14 +0700] "GET /?fileloc=//scripts/runstatsonce&path=//scripts HTTP/1.1" 200 12705 "-" "Mozilla/5.0 AppleWebKit/537.36 (KHTML, like Gecko; compatible; GPTBot/1.2; +https://openai.com/gptbot)"
74.7.227.130 - - [01/Nov/2025:16:55:20 +0700] "GET /?fileloc=//scripts/smartcheck&path=//scripts HTTP/1.1" 200 29467 "-" "Mozilla/5.0 AppleWebKit/537.36 (KHTML, like Gecko; compatible; GPTBot/1.2; +https://openai.com/gptbot)"
74.7.227.130 - - [01/Nov/2025:16:55:27 +0700] "GET /?fileloc=//scripts/resetquotas&path=//scripts HTTP/1.1" 200 17504 "-" "Mozilla/5.0 AppleWebKit/537.36 (KHTML, like Gecko; compatible; GPTBot/1.2; +https://openai.com/gptbot)"
74.7.227.130 - - [01/Nov/2025:16:55:32 +0700] "GET /?fileloc=//scripts/restartsrv_base&path=//scripts HTTP/1.1" 200 13006125 "-" "Mozilla/5.0 AppleWebKit/537.36 (KHTML, like Gecko; compatible; GPTBot/1.2; +https://openai.com/gptbot)"
74.7.227.130 - - [01/Nov/2025:16:55:39 +0700] "GET /?fileloc=//scripts/cpanpingtest&path=//scripts HTTP/1.1" 200 13295 "-" "Mozilla/5.0 AppleWebKit/537.36 (KHTML, like Gecko; compatible; GPTBot/1.2; +https://openai.com/gptbot)"
74.7.227.130 - - [01/Nov/2025:16:55:45 +0700] "GET /?fileloc=//scripts/fixvaliases&path=//scripts HTTP/1.1" 200 14559 "-" "Mozilla/5.0 AppleWebKit/537.36 (KHTML, like Gecko; compatible; GPTBot/1.2; +https://openai.com/gptbot)"
74.7.227.130 - - [01/Nov/2025:16:55:49 +0700] "GET /?fileloc=//scripts/userdirctl&path=//scripts HTTP/1.1" 200 18075 "-" "Mozilla/5.0 AppleWebKit/537.36 (KHTML, like Gecko; compatible; GPTBot/1.2; +https://openai.com/gptbot)"
74.7.227.130 - - [01/Nov/2025:16:55:54 +0700] "GET /?fileloc=//scripts/initsuexec&path=//scripts HTTP/1.1" 200 16688 "-" "Mozilla/5.0 AppleWebKit/537.36 (KHTML, like Gecko; compatible; GPTBot/1.2; +https://openai.com/gptbot)"
74.7.227.130 - - [01/Nov/2025:16:56:05 +0700] "GET /?fileloc=//scripts/restorepkg&path=//scripts HTTP/1.1" 200 12263 "-" "Mozilla/5.0 AppleWebKit/537.36 (KHTML, like Gecko; compatible; GPTBot/1.2; +https://openai.com/gptbot)"
74.7.227.130 - - [01/Nov/2025:16:56:11 +0700] "GET /?fileloc=//scripts/restartsrv_lmtp&path=//scripts HTTP/1.1" 200 12715 "-" "Mozilla/5.0 AppleWebKit/537.36 (KHTML, like Gecko; compatible; GPTBot/1.2; +https://openai.com/gptbot)"
74.7.227.130 - - [01/Nov/2025:16:56:18 +0700] "GET /?fileloc=//scripts/killpvhost&path=//scripts HTTP/1.1" 200 13129 "-" "Mozilla/5.0 AppleWebKit/537.36 (KHTML, like Gecko; compatible; GPTBot/1.2; +https://openai.com/gptbot)"
74.7.227.130 - - [01/Nov/2025:16:56:22 +0700] "GET /?fileloc=//scripts/cpanelsync&path=//scripts HTTP/1.1" 200 44600 "-" "Mozilla/5.0 AppleWebKit/537.36 (KHTML, like Gecko; compatible; GPTBot/1.2; +https://openai.com/gptbot)"
38.156.75.186 - - [01/Nov/2025:16:56:30 +0700] "GET /wp-json/wp/v2/posts HTTP/1.1" 200 61384 "-" "Mozilla/5.0 (Windows NT 10.0; Win64; x64) AppleWebKit/537.36 (KHTML, like Gecko) Chrome/120.0.0.0 Safari/537.36"
74.7.227.130 - - [01/Nov/2025:16:57:21 +0700] "GET /?fileloc=//scripts/fix_reseller_acls&path=//scripts HTTP/1.1" 200 24651 "-" "Mozilla/5.0 AppleWebKit/537.36 (KHTML, like Gecko; compatible; GPTBot/1.2; +https://openai.com/gptbot)"
46.138.225.220 - - [01/Nov/2025:16:57:35 +0700] "GET /wp-content/plugins/king-addons/freemius/assets/css/customizer.css HTTP/1.1" 200 61384 "-" "Mozilla/5.0 (X11; Linux x86_64; rv:142.0) Gecko/20100101 Firefox/142.0"
40.113.19.56 - - [01/Nov/2025:16:57:39 +0700] "GET /wp-content/plugins/hellopress/wp_filemanager.php HTTP/1.1" 200 61384 "-" "-"
40.113.19.56 - - [01/Nov/2025:16:57:41 +0700] "GET /htaccess.php HTTP/1.1" 403 61384 "-" "-"
40.113.19.56 - - [01/Nov/2025:16:57:43 +0700] "GET /readme.php HTTP/1.1" 403 61384 "-" "-"
40.113.19.56 - - [01/Nov/2025:16:57:47 +0700] "GET /as.php HTTP/1.1" 403 61384 "-" "-"
40.113.19.56 - - [01/Nov/2025:16:57:49 +0700] "GET /403.php HTTP/1.1" 403 61384 "-" "-"
40.113.19.56 - - [01/Nov/2025:16:57:51 +0700] "GET /max.php HTTP/1.1" 403 61384 "-" "-"
40.113.19.56 - - [01/Nov/2025:16:57:53 +0700] "GET /m.php HTTP/1.1" 403 61384 "-" "-"
40.113.19.56 - - [01/Nov/2025:16:57:54 +0700] "GET /post.php HTTP/1.1" 200 61384 "-" "-"
124.156.226.179 - - [01/Nov/2025:17:02:42 +0700] "GET /?path=/home/itsupportgdc/public_html/wp-admin HTTP/1.1" 200 170162 "-" "Mozilla/5.0 (iPhone; CPU iPhone OS 13_2_3 like Mac OS X) AppleWebKit/605.1.15 (KHTML, like Gecko) Version/13.0.3 Mobile/15E148 Safari/604.1"
172.81.132.76 - - [01/Nov/2025:17:05:38 +0700] "GET /wp-content/plugins/shell/about.php HTTP/1.1" 200 61384 "www.google.com" "Mozlila/5.0 (Linux; Android 7.0; SM-G892A Bulid/NRD90M; wv) AppleWebKit/537.36 (KHTML, like Gecko) Version/4.0 Chrome/60.0.3112.107 Moblie Safari/537.36"
172.81.132.76 - - [01/Nov/2025:17:05:47 +0700] "GET /wp-content/plugins/fix/up.php HTTP/1.1" 403 61384 "www.google.com" "Mozlila/5.0 (Linux; Android 7.0; SM-G892A Bulid/NRD90M; wv) AppleWebKit/537.36 (KHTML, like Gecko) Version/4.0 Chrome/60.0.3112.107 Moblie Safari/537.36"
172.81.132.76 - - [01/Nov/2025:17:06:10 +0700] "GET /wp-content/plugins/wp-help/mini.php HTTP/1.1" 200 61384 "www.google.com" "Mozlila/5.0 (Linux; Android 7.0; SM-G892A Bulid/NRD90M; wv) AppleWebKit/537.36 (KHTML, like Gecko) Version/4.0 Chrome/60.0.3112.107 Moblie Safari/537.36"
74.7.227.130 - - [01/Nov/2025:17:15:29 +0700] "GET /?fileloc=//scripts/restartsrv_mailman&path=//scripts HTTP/1.1" 200 13006128 "-" "Mozilla/5.0 AppleWebKit/537.36 (KHTML, like Gecko; compatible; GPTBot/1.2; +https://openai.com/gptbot)"
74.7.227.130 - - [01/Nov/2025:17:15:42 +0700] "GET /?fileloc=//scripts/restartsrv_dovecot&path=//scripts HTTP/1.1" 200 13006128 "-" "Mozilla/5.0 AppleWebKit/537.36 (KHTML, like Gecko; compatible; GPTBot/1.2; +https://openai.com/gptbot)"
74.7.227.130 - - [01/Nov/2025:17:15:49 +0700] "GET /?fileloc=//scripts/chkpaths&path=//scripts HTTP/1.1" 200 12450 "-" "Mozilla/5.0 AppleWebKit/537.36 (KHTML, like Gecko; compatible; GPTBot/1.2; +https://openai.com/gptbot)"
74.7.227.130 - - [01/Nov/2025:17:16:00 +0700] "GET /?fileloc=//scripts/restartsrv_proftpd&path=//scripts HTTP/1.1" 200 13006128 "-" "Mozilla/5.0 AppleWebKit/537.36 (KHTML, like Gecko; compatible; GPTBot/1.2; +https://openai.com/gptbot)"
103.127.96.167 - - [01/Nov/2025:17:17:02 +0700] "GET /.well-known/acme-challenge/VGF-GU2-X7E04JC-20__V904YO0S0F2N HTTP/1.1" 200 64 "-" "Cpanel-HTTP-Client/1.0"
103.127.96.167 - - [01/Nov/2025:17:17:02 +0700] "GET /.well-known/acme-challenge/0MIJA0D5QVT8JO8I03L-9UQA05HXOMNA HTTP/1.1" 200 64 "-" "Cpanel-HTTP-Client/1.0"
216.244.66.242 - - [01/Nov/2025:17:17:48 +0700] "GET /robots.txt HTTP/1.1" 200 85 "-" "Mozilla/5.0 (compatible; DotBot/1.2; +https://opensiteexplorer.org/dotbot; help@moz.com)"
35.208.73.44 - - [01/Nov/2025:17:19:44 +0700] "GET / HTTP/1.1" 200 61384 "-" "Mozilla/5.0 (Windows NT 10.0; Win64; x64) AppleWebKit/537.36 (KHTML, like Gecko; compatible; BW/1.3; rb.gy/qyzae5) Chrome/124.0.0.0 Safari/537.36"
35.208.73.44 - - [01/Nov/2025:17:19:46 +0700] "GET /robots.txt HTTP/1.1" 200 85 "-" "Mozilla/5.0 (Windows NT 10.0; Win64; x64) AppleWebKit/537.36 (KHTML, like Gecko; compatible; BW/1.3; rb.gy/qyzae5) Chrome/124.0.0.0 Safari/537.36"
35.208.73.44 - - [01/Nov/2025:17:19:51 +0700] "GET /?fileloc=/home/itsupportgdc/public_html/license.txt&path=/home/itsupportgdc/public_html HTTP/1.1" 200 32475 "-" "Mozilla/5.0 (Windows NT 10.0; Win64; x64) AppleWebKit/537.36 (KHTML, like Gecko; compatible; BW/1.3; rb.gy/qyzae5) Chrome/124.0.0.0 Safari/537.36"
35.208.73.44 - - [01/Nov/2025:17:19:53 +0700] "GET /ads.txt HTTP/1.1" 200 61384 "-" "Mozilla/5.0 (Windows NT 10.0; Win64; x64) AppleWebKit/537.36 (KHTML, like Gecko; compatible; BW/1.3; rb.gy/qyzae5) Chrome/124.0.0.0 Safari/537.36"
43.173.175.118 - - [01/Nov/2025:17:20:36 +0700] "GET / HTTP/1.1" 200 61384 "-" "Mozilla/5.0 (Windows NT 6.1; Win64; x64) AppleWebKit/537.36 (KHTML, like Gecko) Chrome/126.0.6478.114 Safari/537.36"
216.244.66.242 - - [01/Nov/2025:17:21:22 +0700] "GET /fortune-tiger-slot-cassino-2718/ HTTP/1.1" 200 61384 "-" "Mozilla/5.0 (compatible; DotBot/1.2; +https://opensiteexplorer.org/dotbot; help@moz.com)"
216.244.66.242 - - [01/Nov/2025:17:21:39 +0700] "GET /2025/10/page/73/ HTTP/1.1" 200 61384 "-" "Mozilla/5.0 (compatible; DotBot/1.2; +https://opensiteexplorer.org/dotbot; help@moz.com)"
216.244.66.242 - - [01/Nov/2025:17:21:54 +0700] "GET /fortunes-cascade-amplify-rewards-master-the-art-of/ HTTP/1.1" 200 61384 "-" "Mozilla/5.0 (compatible; DotBot/1.2; +https://opensiteexplorer.org/dotbot; help@moz.com)"
216.244.66.242 - - [01/Nov/2025:17:22:08 +0700] "GET /kazino-oficialnyj-sajt-pin-up-casino-vhodi-i-1067/ HTTP/1.1" 200 61384 "-" "Mozilla/5.0 (compatible; DotBot/1.2; +https://opensiteexplorer.org/dotbot; help@moz.com)"
216.244.66.242 - - [01/Nov/2025:17:22:23 +0700] "GET /kazino-onlajn-naslazhdajtes-stilem-i-atmosferoj-33/ HTTP/1.1" 200 61384 "-" "Mozilla/5.0 (compatible; DotBot/1.2; +https://opensiteexplorer.org/dotbot; help@moz.com)"
43.153.119.119 - - [01/Nov/2025:17:22:49 +0700] "GET /?fileloc=/home/itsupportgdc/public_html/wp-admin/about.php&path=/home/itsupportgdc/public_html/wp-admin HTTP/1.1" 200 37051 "-" "Mozilla/5.0 (iPhone; CPU iPhone OS 13_2_3 like Mac OS X) AppleWebKit/605.1.15 (KHTML, like Gecko) Version/13.0.3 Mobile/15E148 Safari/604.1"
216.244.66.242 - - [01/Nov/2025:17:23:01 +0700] "GET /2025/10/page/81/ HTTP/1.1" 200 61384 "-" "Mozilla/5.0 (compatible; DotBot/1.2; +https://opensiteexplorer.org/dotbot; help@moz.com)"
43.173.177.239 - - [01/Nov/2025:17:23:08 +0700] "GET /?fileloc=/home/itsupportgdc/public_html/www.php&path=/home/itsupportgdc/public_html HTTP/1.1" 200 17880 "-" "Mozilla/5.0 (Windows NT 6.1; Win64; x64) AppleWebKit/537.36 (KHTML, like Gecko) Chrome/126.0.6478.114 Safari/537.36"
216.244.66.242 - - [01/Nov/2025:17:23:35 +0700] "GET /wp-content/uploads/2025/10/sitio-web-oficial-del-juego-lucky-jet-30_1.png HTTP/1.1" 200 1061038 "-" "Mozilla/5.0 (compatible; DotBot/1.2; +https://opensiteexplorer.org/dotbot; help@moz.com)"
128.199.86.128 - - [01/Nov/2025:17:29:25 +0700] "GET / HTTP/1.1" 200 61384 "https://galengdowo.id//wp-login.php" "Mozilla/5.0 (Windows NT 10.0; Win64; x64) AppleWebKit/537.36 (KHTML, like Gecko) Chrome/134.0.0.0 Safari/537.36"
128.199.86.128 - - [01/Nov/2025:17:29:26 +0700] "GET /xmlrpc.php?rsd HTTP/1.1" 200 61384 "https://galengdowo.id//wp-login.php" "Mozilla/5.0 (Windows NT 10.0; Win64; x64) AppleWebKit/537.36 (KHTML, like Gecko) Chrome/134.0.0.0 Safari/537.36"
128.199.86.128 - - [01/Nov/2025:17:29:27 +0700] "GET /blog/robots.txt HTTP/1.1" 200 61384 "https://galengdowo.id//wp-login.php" "Mozilla/5.0 (Windows NT 10.0; Win64; x64) AppleWebKit/537.36 (KHTML, like Gecko) Chrome/134.0.0.0 Safari/537.36"
128.199.86.128 - - [01/Nov/2025:17:29:28 +0700] "GET /blog//wp-json/wp/v2/users/ HTTP/1.1" 200 61384 "https://galengdowo.id//wp-login.php" "Mozilla/5.0 (Windows NT 10.0; Win64; x64) AppleWebKit/537.36 (KHTML, like Gecko) Chrome/134.0.0.0 Safari/537.36"
128.199.86.128 - - [01/Nov/2025:17:29:29 +0700] "GET /blog//?author=1 HTTP/1.1" 200 61384 "https://galengdowo.id//wp-login.php" "Mozilla/5.0 (Windows NT 10.0; Win64; x64) AppleWebKit/537.36 (KHTML, like Gecko) Chrome/134.0.0.0 Safari/537.36"
